13 + (-35 - -38).
-9
Calculate 8 + 12 + -2 + -5 + -4.
9
Evaluate 10 - (0 - 13) - 21.
2
Calculate (8 - 3 - (-7 + 14)) + -2 + 2.
-2
Evaluate (-14 - (-23 - -7)) + -12 + 0 + -2.
-12
Evaluate (49 + -48 - (3 + -11)) + -16.
-7
Calculate -5 + -10 + 4 - -39.
28
Evaluate 0 + -4 + (-4 - (-2 + -2 - -11)).
-15
0 + 21 + (-22 - (27 + -42))
14
What is 12 + (-11 - -6) - -8?
15
What is -22 + (0 - 1) + 17 + 1293 + -1305?
-18
-9 + -4 - 9 - (-1 - 7)
-14
18 + -4 - ((1 - -12) + (-1 - 2))
4
What is the value of 10 + -15 + -5 - -15?
5
What is the value of -7 - (13 - (43 + -27))?
-4
Calculate -44 - (-4 - 11 - -16 - 9).
-36
Calculate -10 + (-9 - (-1 + -12)).
-6
What is 15 - (7 - (16 + -22))?
2
Calculate -6 - (-6 + 0 + -10) - 2.
8
What is (2 - (17 - (1 - 5))) + (-24 - -28)?
-15
0 + 0 + (-5 - 2 - (146 - 159))
6
3 + (-4 - -4) - (12 + 8 + -10)
-7
Calculate -2 + -3 + 6 - (10 + -3 + 3).
-9
Calculate 16 + (-11 - (0 + -2)).
7
What is the value of 17 + -11 - (-1 + (1 - 1) + 5)?
2
What is 1 - -7 - (-2 - (-37 - -33))?
6
3 + -26 - (-106 - -95)
-12
What is -5 + 10 - (18 - 10)?
-3
Calculate -8 - ((4 - 6 - -8) + -52 + 7).
31
What is the value of 13 + -45 + -24 + 31?
-25
What is the value of 75 + -50 + 1 + -17?
9
Evaluate 28 - (31 + (18 - 8)).
-13
What is the value of ((-5 - -2) + -5 - -5) + -7 + -17?
-27
Evaluate 4 - ((-8 - (-38 - -7)) + -9).
-10
Evaluate (31 + -23 - -4) + (-1 - 12).
-1
(5 - -10) + 13 + -3 + -15
10
(-13 + 11 + -19 + 8 - -12) + -6
-7
-10 - ((-15 - 1) + -7)
13
(13 - 3) + -4 + 7 + -15 - -2
0
Calculate -109 + 115 + (-1 - 10).
-5
Calculate (-48 - -45 - (-4 - 1)) + (0 - -3).
5
What is the value of -19 + (9 - 4) + 13?
-1
(-9 - (-15 + 15)) + (2 - -6)
-1
What is 123 + -150 - ((1 - 3) + (-5 - -1))?
-21
What is the value of 10 + (13 - 7) + -18?
-2
What is -51 - (29 + (-42 - 17))?
-21
Evaluate (-4 - -8) + (-6 - -22) + -14.
6
Calculate (6 - (9 - 8 - -5)) + -26 + 2.
-24
What is the value of -5 + 15 + (-3 - 3 - 2)?
2
What is 13 + -6 - ((6 - -1) + 10 + -12)?
2
Evaluate (56 + -31 - 16) + (-41 + 2 - -1).
-29
5 + 4 + -9 + 14 + 1
15
Calculate -47 - (-1 + -57 + 32).
-21
What is 2 + 4 - (30 - 26 - (-8 - 0))?
-6
What is -3 - -3 - -1 - 6?
-5
-13 + 8 + ((2 - 10) + -2 - -10)
-5
Calculate -7 + -11 + 11 - (-4 + 15).
-18
What is 6 + 2 + -4 - (-3 - (1 + 8))?
16
Calculate (4 - -1) + (-5 - (-1 - (-9 - 0))).
-8
What is the value of -3 - (-20 + (-1 - -8) + (2 - 6))?
14
Evaluate (15 - 61) + 57 - (27 - (1 - -1)).
-14
Evaluate 1 - ((8 - 3) + -8 + 20 + -12).
-4
What is 6 - (5 + (28 - 8))?
-19
Evaluate 1 + -4 + 2 + -16 + (11 - 4).
-10
4 - (1 + -2 - (-56 - -62))
11
What is -14 + 34 + (-12 - 10)?
-2
Calculate 55 + -42 + -4 + 1 + 3.
13
What is the value of (-1 - (1 - 0)) + (-92 + 38 - -25)?
-31
Calculate (1 + -9 + 1 - 1) + 9.
1
What is the value of -3 + (-4 + 1 - (16 + -13))?
-9
What is 25 + -33 - 2 - (0 - 25)?
15
Calculate 2 + 2 + 2 + -5 + -1 - -3.
3
Evaluate -2 + (3 - (24 + -17)).
-6
What is -1 - -9 - (20 + 7 + -6)?
-13
39 + -13 + -29 + 1 + -5
-7
What is -10 + 5 + -2 + 4 + -2 + 21?
16
2 + (2 - (-6 - (2 + -3)))
9
What is 5 + (1 + 0 + (-8 - -7) - -15)?
20
What is the value of (13 - 8 - (-16 - -9)) + 12?
24
Calculate 5 + (-22 + -16 - -17).
-16
-7 + -3 + -13 + -1 + 7 - -7
-10
What is the value of 15 + -24 - (-17 + 6)?
2
Evaluate -11 + -1 + 9 - (6 + 3) - 2.
-14
What is the value of -21 + 1 - ((72 - 29) + -35)?
-28
0 + 11 + -3 + -9
-1
Calculate (4 - 2 - (-2 + 6)) + -11 - -7.
-6
What is -3 + -5 + 2 + -2 - (-7 - -7)?
-8
Calculate 20 + 4 + (-12 - (0 + 4 - 11)).
19
What is 1 + -2 - (-2 - 15) - (6 - 1)?
11
What is (-3 + 4 - 2) + (-7 - -1) - -13?
6
What is the value of -15 + (13 - 16) - -10?
-8
Calculate 3 - (-1 + -10 + 21).
-7
What is (12 - (15 + 5)) + 52 + -17?
27
What is 13 + -13 + 5 + -15 + 1?
-9
What is -3 + (19 - (-18 - (-4 + (-7 - -2))))?
25
What is the value of (0 - 1) + -5 + (147 - (-55 + 170))?
26
What is ((19 - 10) + 31 - 10) + -19 + 21?
32
Evaluate -12 - -9 - -6 - -8.
11
What is 3 - (10 + -22 - -17) - 6?
-8
What is the value of -14 - (-14 + (-3 - 7))?
10
Evaluate (-14 - -8) + -24 - -21.
-9
(-9 - 2) + 24 + -6
7
Evaluate (8 - (-4 - -23)) + 7 + (0 - 2).
-6
-2 + -2 + 6 + (1 - 0) + -8
-5
What is the value of -14 + (35 - 7) + -4?
10
(7 - 2 - -4) + -1 + 4 + -1
11
What is the value of 3 + -7 + (5 + -1 + -8 - -29)?
21
What is 4 + 0 + -23 + 8 + 4?
-7
Evaluate (18 - -24) + -13 - 34.
-5
Calculate (-9 + (14 - 5) - 6) + 1.
-5
What is -20 + (-47 - -25 - -27)?
-15
What is the value of 2 - ((-5 - 1) + (6 - 5))?
7
What is the value of 2 - (12 + -2 + 35 + -43)?
0
Calculate 39 - 19 - 1 - 12.
7
What is 422 - 391 - (2 + 31)?
-2
What is (4 - 26) + 26 - (-5 - -34)?
-25
What is the value of 20 + -26 + (0 + -2 - (1 + -5))?
-4
-8 + (0 - -13 - ((5 - -3) + -1))
-2
Calculate -9 + (-1 - 6 - -4) - -3.
-9
Evaluate -10 + 8 + 18 + 1.
17
What is the value of 1 - (1 + 0) - (12 - (19 - 5))?
2
Evaluate (-10 - (9 + -25) - -7) + -14.
-1
Calculate (-3 - 24) + (-13 - -15).
-25
Calculate (-36 - -75) + -32 - ((2 - 0) + -1).
6
What is the value of -21 + (59 - (66 - 36))?
8
What is the value of -11 + (0 - (-25 - -22))?
-8
Evaluate -18 - (29 - (44 + 10)).
7
Evaluate (13 - 0 - (8 + 0)) + -17.
-12
Calculate 0 + (-11 - (21 - 24)).
-8
-12 - (-14 + (1 - -8))
-7
What is the value of (2 - (11 - 1)) + (44 - (15 + 47))?
-26
Calculate (81 + -95 - (-21 - -1)) + -30.
-24
-7 + -39 + -59 + 95
-10
Evaluate 12 + -12 + (0 - 8) - (-16 + -7).
15
What is 0 - ((33 - 7) + -48)?
22
Calculate -7 - (16 + -4 + -3 + 9 + 7).
-32
6 - (0 + -5 - (15 + -12))
14
-3 + 15 + (-12 - 16) + 19
3
What is -11 + (19 - 9) - (-14 + 9)?
4
(-8 + -8 - (-16 - -4)) + (8 - -1)
5
-16 + (3 - (2 - 0) - (1 - -2))
-18
What is the value of -1 + 11 - 0 - 23?
-13
(5 - (6 - (2 + (-3 - -2)))) + -15
-15
Evaluate -15 + (4 - -1) + (-81 - -75).
-16
Evaluate -6 + -5 + 17 - ((2 - -1) + 5).
-2
What is the value of 2 - (1 + 1 - -10)?
-10
-10 - (5 + (6 - 20) - -12)
-13
-5 + 5 + -2 - (3 - 15 - -4)
6
Calculate -8 - (2 + (6 + -20 - -9)).
-5
Evaluate -9 - ((-9 - 9) + 8).
1
Calculate 41 + 6 - (14 - -3) - (1 + 11).
18
-2 + (8 - -6 - 17)
-5
What is the value of 7 + (-6 - -18) - 14?
5
What is 8 + -4 + -5 - (2 + -9 + 1)?
5
16 - (21 + 15) - -12
-8
Calculate (1 - 9) + (4 - 4) - -9.
1
Evaluate (-235 - -250) + (4 - -1) + 11.
31
What is (-3 - (-4 + 0)) + -6 + -11 + 22?
6
-8 - ((-2 - 4) + 2 + 5 + -2)
-7
Calculate -9 - (11 - (3 - -5) - 11).
-1
Calculate (-28 - -1) + 12 + (5 - 12) + -2.
-24
Calculate 31 + -44 + -31 - -14.
-30
What is the value of (8 - (-3 + 3)) + -8 + (1 - -6)?
7
Evaluate 14 + 0 + -5 + 4 + 35 + -42.
6
Evaluate 1104 + -1072 - (1 - 4 - -3).
32
Evaluate 24 + (-26 + 26 - 8).
16
(-10 - (6 - 10)) + (-29 - -23)
-12
-14 + 6 + (13 - 0) + (126 - 129)
2
Evaluate 13 - ((-26 - -20 - (0 + 8)) + 6).
21
What is -1 - -6 - ((29 - 21) + -4)?
1
Evaluate (5 + 3 + -2 - -3) + -4.
5
-10 - (-1 + -8 + 5 + -1)
-5
16 - -16 - 61 - -30
1
Evaluate (2 + -1 - (-9 - -5)) + -81 + 70.
-6
What is the value of (180 - 219) + 1 + 3?
-35
What is -2 - (10 + -14 + 9)?
-7
Evaluate 13 + -6 + 47 + -52 + 4 + -1.
5
What is -10 - (9 + -22 + 7)?
-4
What is the value of -6 + 1 - (-8 + 1 - -10)?
-8
What is 3 + (-24 - -4) - (45 - 56)?
-6
What is (20 + -42 - -31) + 24?
33
What is the value of -10 + (22 - (29 + -16))?
-1
Calculate 10 + 14 + -2 + 1 + -2.
21
What is the value of -28 - 3 - (-280 - -229)?
20
What is -7 + (-6 - (6 + (-2 - (8 + -3))))?
-12
What is the value of 10 - (12 - -19 - 45)?
24
What is -16 - (-8 + 15 - (-12 - -7))?
-28
Evaluate 21 - (33 + (2 - -1)).
-15
What is the value of 28 + 2 + -15 + 10 + -5 + 4?
24
Calculate 2 + (4 - 8 - -3) - (-96 + 98).
-1
-1 + (17 - (56 + -25))
-15
Evaluate -3 + 26 + -1 - 17.
5
(47 - 47) + (3 - 0) + 13 - -5
21
What is the value of -17 + (20 - (18 + -12)) - -1?
-2
(9 + 0 - 7) + (1 - 0)
3
Calculate -14 - (13 + (-12 - -2) - 1).
-16
What is the value of (-30 - (2 - 6)) + 51?
25
Calculate -247 + 239 + -2 + 0 - 1.
-11
Evaluate -9 + 5 - (3 + -1 + -2 - -4).
-8
Calculate 12 - (1 + 3) - (9 + 5 + 2).
-8
135 + -139 - (7 - -32 - (-1 + 5))
-39
Evaluate 13 + 1 + -13 + (-1 + -6 - 2).
-8
What is -374 - -387 - (19 + -1) - (3 + 1)?
-9
Evaluate (3 - -7 - 29 - -4) + 38.
23
What is the value of 3 + -3 + -8 - (-6 + 15 + 0)?
-17
What is 34 - (27 + (-17 - -30))?
-6
(28 - 37) + 16 - (-1 + 9)
-1
Evaluate -31 + 6 - -37 - 34.
-22
What is the value of -22 +